is the hundred millions digit of 2675799787?
6
What is the tens digit of 11549327?
2
What is the ten thousands digit of 84617254?
1
What is the hundred thousands digit of 104544672?
5
What is the ten thousands digit of 414364519?
6
What is the millions digit of 667345224?
7
What is the millions digit of 64247546?
4
What is the units digit of 1165014444?
4
What is the thousands digit of 1368282812?
2
What is the thousands digit of 414768183?
8
What is the ten millions digit of 352654946?
5
What is the millions digit of 38224036?
8
What is the thousands digit of 449474945?
4
What is the millions digit of 149926370?
9
What is the hundreds digit of 24717716?
7
What is the hundreds digit of 1627697048?
0
What is the thousands digit of 126068292?
8
What is the hundreds digit of 23801891?
8
What is the millions digit of 61189655?
1
What is the units digit of 328481625?
5
What is the hundred thousands digit of 206041493?
0
What is the hundred millions digit of 1395950102?
3
What is the hundreds digit of 2196073116?
1
What is the hundreds digit of 7395636?
6
What is the hundreds digit of 1513866889?
8
What is the hundreds digit of 1269396754?
7
What is the units digit of 3347567906?
6
What is the ten millions digit of 1275693085?
7
What is the hundreds digit of 24176586?
5
What is the units digit of 168477506?
6
What is the hundred thousands digit of 510839100?
8
What is the ten thousands digit of 43187772?
8
What is the tens digit of 553980564?
6
What is the units digit of 99980845?
5
What is the ten millions digit of 87501472?
8
What is the millions digit of 55295178?
5
What is the billions digit of 1921386947?
1
What is the ten millions digit of 15511466?
1
What is the units digit of 1223890593?
3
What is the units digit of 1511374642?
2
What is the thousands digit of 25120237?
0
What is the millions digit of 3798025086?
8
What is the units digit of 4021020924?
4
What is the ten thousands digit of 1682734478?
3
What is the thousands digit of 458826511?
6
What is the thousands digit of 105360335?
0
What is the ten thousands digit of 309976523?
7
What is the ten millions digit of 73766701?
7
What is the hundreds digit of 258991326?
3
What is the hundred thousands digit of 35048644?
0
What is the ten millions digit of 62797243?
6
What is the hundred millions digit of 163933967?
1
What is the millions digit of 330287585?
0
What is the ten thousands digit of 3731202236?
0
What is the hundred millions digit of 325995117?
3
What is the millions digit of 913783509?
3
What is the ten millions digit of 30281821?
3
What is the millions digit of 96210156?
6
What is the ten thousands digit of 112893697?
9
What is the units digit of 1703232147?
7
What is the hundreds digit of 1181150411?
4
What is the ten thousands digit of 139040059?
4
What is the thousands digit of 60080423?
0
What is the thousands digit of 161815922?
5
What is the hundred millions digit of 308243766?
3
What is the tens digit of 691645306?
0
What is the ten millions digit of 1674675178?
7
What is the thousands digit of 73251850?
1
What is the hundreds digit of 2410440294?
2
What is the ten thousands digit of 88212817?
1
What is the ten thousands digit of 12489796?
8
What is the hundreds digit of 9815688?
6
What is the ten thousands digit of 1322747314?
4
What is the ten thousands digit of 319666660?
6
What is the tens digit of 5854269437?
3
What is the ten millions digit of 188335032?
8
What is the thousands digit of 34346485?
6
What is the ten thousands digit of 322791610?
9
What is the millions digit of 5440524661?
0
What is the hundreds digit of 13697647?
6
What is the hundred millions digit of 172823719?
1
What is the hundreds digit of 657436208?
2
What is the ten millions digit of 1072025692?
7
What is the ten millions digit of 572624550?
7
What is the thousands digit of 128855996?
5
What is the millions digit of 26860490?
6
What is the units digit of 274794203?
3
What is the hundred millions digit of 556209985?
5
What is the millions digit of 276909597?
6
What is the hundred millions digit of 3104758203?
1
What is the hundred millions digit of 1861672770?
8
What is the millions digit of 1045709012?
5
What is the ten millions digit of 160967585?
6
What is the hundreds digit of 1302632109?
1
What is the tens digit of 107192286?
8
What is the ten thousands digit of 58086256?
8
What is the hundred millions digit of 3872289344?
8
What is the hundreds digit of 865014146?
1
What is the ten thousands digit of 623353510?
5
What is the units digit of 95393713?
3
What is the millions digit of 141442686?
1
What is the thousands digit of 50952314?
2
What is the units digit of 44100824?
4
What is the hundred thousands digit of 15386371?
3
What is the units digit of 217525854?
4
What is the hundreds digit of 197813562?
5
What is the tens digit of 1464739742?
4
What is the hundred thousands digit of 206998811?
9
What is the hundred millions digit of 570134173?
5
What is the hundreds digit of 27149086?
0
What is the ten thousands digit of 201848834?
4
What is the ten millions digit of 23071836?
2
What is the ten millions digit of 50998668?
5
What is the millions digit of 61241677?
1
What is the hundreds digit of 1935255572?
5
What is the millions digit of 344407982?
4
What is the units digit of 1339128440?
0
What is the ten thousands digit of 458658876?
5
What is the tens digit of 51924083?
8
What is the millions digit of 377527925?
7
What is the hundreds digit of 78042866?
8
What is the tens digit of 25690925?
2
What is the hundreds digit of 2006330299?
2
What is the millions digit of 770055948?
0
What is the millions digit of 429971954?
9
What is the hundred thousands digit of 55625924?
6
What is the ten millions digit of 595155004?
9
What is the units digit of 30761289?
9
What is the units digit of 21295084?
4
What is the millions digit of 170244997?
0
What is the hundreds digit of 244413363?
3
What is the hundred thousands digit of 1009903190?
9
What is the units digit of 1260589264?
4
What is the ten thousands digit of 564065325?
6
What is the thousands digit of 45957701?
7
What is the hundred millions digit of 811183745?
8
What is the hundred thousands digit of 151121462?
1
What is the units digit of 373608433?
3
What is the thousands digit of 1040813457?
3
What is the hundred millions digit of 2581796539?
5
What is the ten millions digit of 6291611309?
9
What is the hundred thousands digit of 1602078198?
0
What is the tens digit of 266573413?
1
What is the ten millions digit of 1427615528?
2
What is the hundred thousands digit of 79011522?
0
What is the tens digit of 2955640146?
4
What is the ten thousands digit of 460425142?
2
What is the ten thousands digit of 135606328?
0
What is the hundreds digit of 145945915?
9
What is the billions digit of 3896955510?
3
What is the tens digit of 80724401?
0
What is the units digit of 54469817?
7
What is the units digit of 36877256?
6
What is the hundred millions digit of 2830405483?
8
What is the hundreds digit of 528640533?
5
What is the hundred thousands digit of 70856815?
8
What is the thousands digit of 32716907?
6
What is the millions digit of 81336017?
1
What is the millions digit of 52642872?
2
What is the thousands digit of 249533980?
3
What is the ten millions digit of 603561686?
0
What is the thousands digit of 156346653?
6
What is the billions digit of 1765191496?
1
What is the thousands digit of 2043515317?
5
What is the tens digit of 4041728092?
9
What is the hundred thousands digit of 261708482?
7
What is the ten thousands digit of 3924687381?
8
What is the thousands digit of 1061369097?
9
What is the ten millions digit of 79817162?
7
What is the thousands digit of 137977385?
7
What is the hundreds digit of 3865731?
7
What is the thousands digit of 214423787?
3
What is the thousands digit of 7654368477?
8
What is the units digit of 633350096?
6
What is the units digit of 1069380254?
4
What is the ten thousands digit of 24569223?
6
What is the tens digit of 7239683266?
6
What is the hundred thousands digit of 312448821?
4
What is the ten thousands digit of 33737365?
3
What is the ten thousands digit of 1649122047?
2
What is the millions digit of 160638101?
0
What is the thousands digit of 115220518?
0
What is the units digit of 5596937599?
